= 4*y, 0 = -n - y - 2. What is the units digit of n?
1
Let m(b) = 7*b + 2. Let o(q) = q + 1. Let s(a) = m(a) - 2*o(a). Let n be s(2). Let i = -2 + n. What is the units digit of i?
8
Let z be ((-9)/(-2))/(9/12). Let n be -2*z/(-4) + 0. Suppose -n = -a - 0. What is the units digit of a?
3
Let f(r) be the second derivative of -r**3/3 - 2*r**2 + 3*r. Let z be f(-3). Suppose -i = z*i - 3. What is the units digit of i?
1
Let q = -6 + 5. What is the units digit of (2 + -3)*17/q?
7
Let a be (-4)/10 - 14/(-10). Let p(s) = 13*s**2. What is the tens digit of p(a)?
1
Suppose -2*k - k = 3*w - 156, 2*k + w = 103. What is the units digit of k?
1
Let k(a) = 18*a**2 - 2*a + 4. What is the tens digit of k(2)?
7
Suppose -3*p - 2 + 0 = 5*m, -2*p - 4 = 2*m. Suppose 6*t + i - 36 = m*t, i = 0. What is the units digit of t?
9
Let k(m) = m**3 + 5*m**2 + m + 6. Let p = 7 - 5. Let q be -10*(1 - p/4). What is the units digit of k(q)?
1
Suppose 0 = -4*f + 3*z - 7*z + 52, 2*z = -f + 11. Let q be (f/10)/((-1)/52). What is the units digit of (-1)/(2*3/q)?
3
Suppose -3*b - 6 = -5*b. Let m = b - -1. What is the units digit of m?
4
Suppose 0*q - 10 = 5*q, 4*q + 128 = 4*r. Let s = r - 18. What is the tens digit of s?
1
Suppose 5*a - 20 = -3*h, 5*h + 3*a = -a + 16. Let j be 1 - (h + 2)/2. Suppose 0 = -5*f - j*f - 5*b + 25, 0 = 2*f - b - 10. What is the units digit of f?
5
Suppose 2*c - 3*c + 3*k + 191 = 0, -4*k + 12 = 0. What is the units digit of c?
0
Let r = -16 - -22. Let a = -4 + 9. Suppose a*p + 5*w - 20 = 0, w + 26 = r*p - p. What is the units digit of p?
5
Suppose 3*u = u. Let r be -2*(1 + u) + 4. Suppose 16 = r*f - 0*f. What is the units digit of f?
8
Let p(z) = -z**3 - 7*z**2 + z - 4. Let j = -11 - -4. Let y be p(j). Let c = y + 15. What is the units digit of c?
4
Let m(v) be the first derivative of v**2 - 5*v - 3. Let r be m(5). Suppose 3*g - 50 = r*z, -g - g = 5*z. What is the tens digit of g?
1
Suppose 3*b - 2*b - 38 = 2*r, 3*r - 96 = -3*b. Suppose 5*d + 14 = b. Suppose -w - d*w = 3*h - 40, -5*h + 56 = 3*w. What is the tens digit of h?
1
Let n = -5 + 6. Suppose -4*i = -4*l - 4, 5*i = -3*l + 20 + 1. Let o = n + l. What is the units digit of o?
3
Suppose -768 = -7*u - 166. What is the tens digit of u?
8
Let y(s) = s**3 + 11*s**2 + s + 12. Let a be y(-11). Let w = a + 0. What is the units digit of w?
1
Let f(r) = -r**3 + 8*r**2 + 5*r + 11. Let i be f(8). Let u = i + -16. Suppose -5*j - 15 = -5*v + u, -20 = -3*v - 2*j. What is the units digit of v?
8
Suppose 5*v = -5*n - 0*n + 15, 3*n = v - 19. Let k = v + -2. What is the units digit of k?
5
Suppose -3*g + 33 = -2*b - 64, -2*g - b = -67. What is the units digit of g?
3
Let u be (3/(-6))/(2/(-36)). Suppose -3*o + u + 13 = y, -3*y + 36 = -o. What is the units digit of y?
3
Let z(p) = -p + 14. What is the units digit of z(7)?
7
Let x(h) = h**3 - h**2 + 4*h - 4. Let y(c) = -c**2 - 3*c + 3. Let n be y(-3). What is the tens digit of x(n)?
2
Let r be 3/(-15) - (-11)/5. Let x = 16 - 11. Suppose -x*h - r = -12. What is the units digit of h?
2
Suppose 14*p = 11*p + 483. What is the hundreds digit of p?
1
Let k = -12 + 19. Let y = k + -12. What is the units digit of (-2)/y + 18/5?
4
Let r(t) be the first derivative of -t**3/3 - 3*t**2 - 3*t - 1. Let p(n) = n**3 + 5*n**2 - 6*n - 5. Let z be p(-6). What is the units digit of r(z)?
2
Let b(n) = -3*n**3 - 10*n**2 - 6*n + 6. What is the tens digit of b(-5)?
6
Let j(n) = 7*n + 66. What is the units digit of j(0)?
6
Let l = 20 - 15. What is the units digit of 5*5*(-4 + l)?
5
Let w = -2 - -2. Suppose 5*d - 27 - 3 = w. Suppose -3*u = -d*u + 18. What is the units digit of u?
6
Suppose -3*r + 9 + 9 = 0. What is the units digit of 14/4 + (-3)/r?
3
Let s(g) = 22*g + 26. What is the units digit of s(2)?
0
Let k be ((-3)/(-9))/(1/33). Suppose -x = -6*x - 2*w + 28, 2*x + w = k. What is the units digit of x?
6
Let b(a) = 3 + 3 - a + 2*a. What is the units digit of b(0)?
6
Suppose -3*d + 15 = -21. Suppose a - d = 8. What is the tens digit of a?
2
What is the tens digit of ((-1)/(2/(-3)))/((-3)/(-254))?
2
Let o = 3 + -3. Suppose 2*m + 0*m + 30 = o. Let h = m + 21. What is the units digit of h?
6
Suppose -2*w - f = -w - 30, -4*w = f - 117. What is the units digit of w?
9
What is the tens digit of (3 - 0)*(2 - -11)?
3
Let u be 6/8*8/3. Suppose 0 = -0*c - 4*c, -4*c = -u*g + 12. What is the units digit of g?
6
Suppose 8 = -4*m - 5*n - 0, -17 = m + 5*n. Suppose 0 = 2*q + 4*y - 4, -2*q + 4 = m*y - 3. What is the units digit of q?
8
Suppose 0 = -3*t - n + 5*n + 102, -3*t - 2*n + 84 = 0. What is the units digit of t?
0
What is the units digit of 2/3 + (-395)/(-15)?
7
Let a be (3 + -7)*1/2. Let h be 0 + -2 + a/(-1). Suppose -i + 4*l - 9 = -h*l, 2*i + 5*l - 47 = 0. What is the tens digit of i?
1
Suppose -3*c = -m + 272, 2*m - 4*c = 336 + 218. What is the units digit of m?
7
Let z(r) = r**2 - 6*r + 5. Let n be z(6). Suppose a - 2*g - 33 = 0, 0 = -n*a - 3*g + g + 153. What is the units digit of a?
1
Suppose g - 3*g + 8 = 0. Suppose -4 = 4*a + 4*m, -a = a + g*m + 8. Suppose -5*f + 6 = x - 23, 0 = x - a*f - 1. What is the units digit of x?
9
Let u be 3*(0/2 + -17). Let l = -62 + 26. Let t = l - u. What is the units digit of t?
5
Suppose -2*j = -8*j + 432. What is the tens digit of j?
7
Suppose o + 1 = 101. What is the units digit of o?
0
Let i = -159 - -374. What is the units digit of i?
5
Let z be (16/(-10))/((-5)/25). Suppose 2*a = z, 10 + 4 = m + a. Suppose 42 = 5*r + 4*w, 0 = 4*r - 3*w - m - 5. What is the units digit of r?
6
Let q = 43 + -23. What is the units digit of q?
0
Let z(t) = -t**2 + 21*t - 2. What is the units digit of z(12)?
6
Let f(h) = -h - 9. Let r be f(7). Let v = -7 - r. Suppose -p + v = 2*p. What is the units digit of p?
3
Let z be 20/15*(-3)/(-1). Suppose z*d = -3 + 11. Suppose 6 = d*y - 8. What is the units digit of y?
7
Let l = 67 - 35. What is the units digit of l?
2
Let g = -304 + 493. What is the hundreds digit of g?
1
Suppose 5*u = -c + 149, 5*u + 3*c - 4*c = 141. What is the tens digit of u?
2
Let v be (-14 + 0)/(14/(-7)). Let b(q) be the third derivative of q**4/24 - q**3/2 + 2*q**2. What is the units digit of b(v)?
4
Suppose -m - 2*b + 66 = 6, 3*b + 261 = 5*m. What is the units digit of m?
4
Let m(p) = 2*p**2 - 11*p + 4 - 3*p**2 + 5*p. What is the units digit of m(-6)?
4
Let r(g) = 7*g**2 - 9*g + 11. Let c(t) = -3*t**2 + 4*t - 6. Let k(j) = -5*c(j) - 2*r(j). What is the units digit of k(0)?
8
Let r be 14 + 0 + -2 - -2. Suppose -3*f + r = -19. What is the units digit of f?
1
Let g = 113 + -51. What is the units digit of g?
2
Let t(n) = n**2 - 3*n - 7. Let d be t(5). Suppose d*a - 4*a - 2 = 0. Let k(i) = -i**2 - 3*i + 2. What is the units digit of k(a)?
4
Let x = 34 + -11. What is the tens digit of x?
2
Let s = -7 - -7. Suppose f + s*f = 12. What is the units digit of f?
2
Let n(t) = 2 + 3*t**2 + t**3 + 2 + 2*t - 5*t. What is the tens digit of n(-3)?
1
Let v(a) = -9*a**2 - 4*a - 6. Let n = 6 + -10. Let p(r) = -8*r**2 - 4*r - 5. Let y(b) = n*p(b) + 3*v(b). What is the units digit of y(-2)?
4
Let n = -3 - 37. Let v = 71 + n. What is the units digit of v?
1
Let g(i) = i**2 - 5*i + 3. Let w be g(5). Suppose 4*l = -5*h + 32 + 8, 4*h + 9 = 5*l. Suppose n + h = w*n. What is the units digit of n?
2
Let o = -6 - -9. What is the tens digit of 10*-1*(-4 + o)?
1
Let a = 72 - 36. What is the tens digit of a?
3
What is the tens digit of (106/(-4))/((-2)/4)?
5
Suppose -4*b + 320 = -2*b. Let f be ((-6)/4)/((-15)/b). Suppose -4*u = -4*n - 2*u + f, 32 = 4*n + 2*u. What is the units digit of n?
6
Suppose 2*a + 9 - 1 = 4*s, 3*s - 1 = 4*a. Suppose -f - f = 3*l - 77, s*f - 107 = 4*l. What is the units digit of f?
7
Let u = -84 + 146. What is the units digit of u?
2
Suppose -3*o - 3*s - 58 = 2*o, 2*o = 4*s - 18. What is the units digit of 2*-1 + (-7 - o)?
2
Suppose a = 4*w - 3*a - 28, -w - 5*a + 13 = 0. What is the units digit of w?
8
Let b(k) = -5*k - 4. Let q be b(-4). Let g = 8 + 1. Let j = q - g. What is the units digit of j?
7
Let l(i) = -i**3 - 4*i**2 + 5*i - 11. Let b be l(-5). What is the tens digit of b/(-2)*4/2?
1
Suppose 0 = -8*y - 13*y + 3045. What is the units digit of y?
5
What is the units digit of (-37 - 614)*((-4)/(-6) - 1)?
7
Let k be 0/(3 + -6) - -39. Let t = k - 20. What is the tens 